{"id":46479,"date":"2019-01-11T09:31:01","date_gmt":"2019-01-11T08:31:01","guid":{"rendered":"https:\/\/domartstyl.com\/anabel-pouf\/"},"modified":"2022-05-04T16:37:29","modified_gmt":"2022-05-04T15:37:29","slug":"anabel-pouf","status":"publish","type":"product","link":"https:\/\/domartstyl.com\/en\/anabel-pouf\/","title":{"rendered":"Anabel Pouf"},"content":{"rendered":"","protected":false},"excerpt":{"rendered":"<p><strong>Pouf Anabel<\/strong> &#8211; This is a model from the Perl Lusso collection, which premiered at the Cologne Imm Cologne Fair 2018. This model is a real masterpiece due to its original appearance and high functionality. It is a pouf with an opening lid and a small storage compartment, to which we can fit various small items. The round, simple design has been designed with practicality in mind. Ideally suited to the living room, hallway, and children&#8217;s room. The model presented in the picture has a gold plinth.<\/p>\n<p><strong>&#8211; Standard version of the pouf has an opening lid.<\/strong><\/p>\n<p><strong>&#8211; Plinth in golden color.<\/strong><\/p>\n","protected":false},"featured_media":45191,"comment_status":"closed","ping_status":"closed","template":"","meta":[],"product_brand":[],"product_cat":[8249],"product_tag":[],"class_list":{"0":"post-46479","1":"product","2":"type-product","3":"status-publish","4":"has-post-thumbnail","6":"product_cat-wholesale-furniture","7":"product_shipping_class-pakowane-podwojnie-30-40-en","9":"first","10":"instock","11":"taxable","12":"shipping-taxable","13":"product-type-soldout"},"yoast_head":"<!-- This site is optimized with the Yoast SEO Premium plugin v25.0 (Yoast SEO v25.0) - https:\/\/yoast.com\/wordpress\/plugins\/seo\/ -->\n<title>Anabel Pouf , Manufacturer of Upholstered Furniture - DomArtStyl<\/title>\n<meta name=\"robots\" content=\"index, follow, max-snippet:-1, max-image-preview:large, max-video-preview:-1\" \/>\n<link rel=\"canonical\" href=\"https:\/\/domartstyl.com\/en\/anabel-pouf\/\" \/>\n<meta property=\"og:locale\" content=\"en_US\" \/>\n<meta property=\"og:type\" content=\"article\" \/>\n<meta property=\"og:title\" content=\"Anabel Pouf - DomArtStyl\" \/>\n<meta property=\"og:description\" content=\"Pouf Anabel - This is a model from the Perl Lusso collection, which premiered at the Cologne Imm Cologne Fair 2018. This model is a real masterpiece due to its original appearance and high functionality. It is a pouf with an opening lid and a small storage compartment, to which we can fit various small items. The round, simple design has been designed with practicality in mind. Ideally suited to the living room, hallway, and children&#039;s room. The model presented in the picture has a gold plinth.  - Standard version of the pouf has an opening lid.  - Plinth in golden color.\" \/>\n<meta property=\"og:url\" content=\"https:\/\/domartstyl.com\/en\/anabel-pouf\/\" \/>\n<meta property=\"og:site_name\" content=\"DomArtStyl\" \/>\n<meta property=\"article:publisher\" content=\"https:\/\/www.facebook.com\/DomArtStyl\/\" \/>\n<meta property=\"article:modified_time\" content=\"2022-05-04T15:37:29+00:00\" \/>\n<meta property=\"og:image\" content=\"https:\/\/domartstyl.com\/wp-content\/uploads\/2019\/01\/Pufa-Anabel-french-velvet-663-2-Copy.jpg\" \/>\n\t<meta property=\"og:image:width\" content=\"1000\" \/>\n\t<meta property=\"og:image:height\" content=\"1000\" \/>\n\t<meta property=\"og:image:type\" content=\"image\/jpeg\" \/>\n<meta name=\"twitter:card\" content=\"summary_large_image\" \/>\n<meta name=\"twitter:site\" content=\"@DomArtStyl_pl\" \/>\n<meta name=\"twitter:label1\" content=\"Price\" \/>\n\t<meta name=\"twitter:data1\" content=\"\" \/>\n\t<meta name=\"twitter:label2\" content=\"Availability\" \/>\n\t<meta name=\"twitter:data2\" content=\"In stock\" \/>\n<script type=\"application\/ld+json\" class=\"yoast-schema-graph\">{\"@context\":\"https:\/\/schema.org\",\"@graph\":[{\"@type\":\"WebPage\",\"@id\":\"https:\/\/domartstyl.com\/en\/anabel-pouf\/\",\"url\":\"https:\/\/domartstyl.com\/en\/anabel-pouf\/\",\"name\":\"Anabel Pouf , Manufacturer of Upholstered Furniture - DomArtStyl\",\"isPartOf\":{\"@id\":\"https:\/\/domartstyl.com\/en\/#website\"},\"primaryImageOfPage\":{\"@id\":\"https:\/\/domartstyl.com\/en\/anabel-pouf\/#primaryimage\"},\"image\":{\"@id\":\"https:\/\/domartstyl.com\/en\/anabel-pouf\/#primaryimage\"},\"thumbnailUrl\":\"https:\/\/domartstyl.com\/wp-content\/uploads\/2019\/01\/Pufa-Anabel-french-velvet-663-2-Copy.jpg\",\"datePublished\":\"2019-01-11T08:31:01+00:00\",\"dateModified\":\"2022-05-04T15:37:29+00:00\",\"breadcrumb\":{\"@id\":\"https:\/\/domartstyl.com\/en\/anabel-pouf\/#breadcrumb\"},\"inLanguage\":\"en-US\",\"potentialAction\":[{\"@type\":\"ReadAction\",\"target\":[\"https:\/\/domartstyl.com\/en\/anabel-pouf\/\"]}]},{\"@type\":\"ImageObject\",\"inLanguage\":\"en-US\",\"@id\":\"https:\/\/domartstyl.com\/en\/anabel-pouf\/#primaryimage\",\"url\":\"https:\/\/domartstyl.com\/wp-content\/uploads\/2019\/01\/Pufa-Anabel-french-velvet-663-2-Copy.jpg\",\"contentUrl\":\"https:\/\/domartstyl.com\/wp-content\/uploads\/2019\/01\/Pufa-Anabel-french-velvet-663-2-Copy.jpg\",\"width\":1000,\"height\":1000,\"caption\":\"Pufa Anabel, french velvet 663\"},{\"@type\":\"BreadcrumbList\",\"@id\":\"https:\/\/domartstyl.com\/en\/anabel-pouf\/#breadcrumb\",\"itemListElement\":[{\"@type\":\"ListItem\",\"position\":1,\"name\":\"Strona g\u0142\u00f3wna\",\"item\":\"https:\/\/domartstyl.com\/en\/\"},{\"@type\":\"ListItem\",\"position\":2,\"name\":\"Modern Upholstered Furniture\",\"item\":\"https:\/\/domartstyl.com\/en\/furniture\/\"},{\"@type\":\"ListItem\",\"position\":3,\"name\":\"Anabel Pouf\"}]},{\"@type\":\"WebSite\",\"@id\":\"https:\/\/domartstyl.com\/en\/#website\",\"url\":\"https:\/\/domartstyl.com\/en\/\",\"name\":\"DomArtStyl\",\"description\":\"Tworzymy meble najwy\u017cszej jako\u015bci. Sprzeda\u017c detaliczna \u00b7 Sprzeda\u017c hurtowa\",\"publisher\":{\"@id\":\"https:\/\/domartstyl.com\/en\/#organization\"},\"potentialAction\":[{\"@type\":\"SearchAction\",\"target\":{\"@type\":\"EntryPoint\",\"urlTemplate\":\"https:\/\/domartstyl.com\/en\/?s={search_term_string}\"},\"query-input\":{\"@type\":\"PropertyValueSpecification\",\"valueRequired\":true,\"valueName\":\"search_term_string\"}}],\"inLanguage\":\"en-US\"},{\"@type\":\"Organization\",\"@id\":\"https:\/\/domartstyl.com\/en\/#organization\",\"name\":\"DomArtStyl\",\"url\":\"https:\/\/domartstyl.com\/en\/\",\"logo\":{\"@type\":\"ImageObject\",\"inLanguage\":\"en-US\",\"@id\":\"https:\/\/domartstyl.com\/en\/#\/schema\/logo\/image\/\",\"url\":\"https:\/\/domartstyl.com\/wp-content\/uploads\/2018\/04\/Logo_300_width.png\",\"contentUrl\":\"https:\/\/domartstyl.com\/wp-content\/uploads\/2018\/04\/Logo_300_width.png\",\"width\":300,\"height\":140,\"caption\":\"DomArtStyl\"},\"image\":{\"@id\":\"https:\/\/domartstyl.com\/en\/#\/schema\/logo\/image\/\"},\"sameAs\":[\"https:\/\/www.facebook.com\/DomArtStyl\/\",\"https:\/\/x.com\/DomArtStyl_pl\",\"https:\/\/www.instagram.com\/domartstyl\/?hl=en\",\"https:\/\/pl.pinterest.com\/domartstyl01\/\",\"https:\/\/www.youtube.com\/channel\/UCkISSgvMomI6yFFL3JDbLhw\"]}]}<\/script>\n<meta property=\"product:price:amount\" content=\"0.00\" \/>\n<meta property=\"product:price:currency\" content=\"EUR\" \/>\n<meta property=\"og:availability\" content=\"instock\" \/>\n<meta property=\"product:availability\" content=\"instock\" \/>\n<meta property=\"product:condition\" content=\"new\" \/>\n<!-- \/ Yoast SEO Premium plugin. -->","yoast_head_json":{"title":"Anabel Pouf , Manufacturer of Upholstered Furniture - DomArtStyl","robots":{"index":"index","follow":"follow","max-snippet":"max-snippet:-1","max-image-preview":"max-image-preview:large","max-video-preview":"max-video-preview:-1"},"canonical":"https:\/\/domartstyl.com\/en\/anabel-pouf\/","og_locale":"en_US","og_type":"article","og_title":"Anabel Pouf - DomArtStyl","og_description":"Pouf Anabel - This is a model from the Perl Lusso collection, which premiered at the Cologne Imm Cologne Fair 2018. This model is a real masterpiece due to its original appearance and high functionality. It is a pouf with an opening lid and a small storage compartment, to which we can fit various small items. The round, simple design has been designed with practicality in mind. Ideally suited to the living room, hallway, and children's room. The model presented in the picture has a gold plinth.  - Standard version of the pouf has an opening lid.  - Plinth in golden color.","og_url":"https:\/\/domartstyl.com\/en\/anabel-pouf\/","og_site_name":"DomArtStyl","article_publisher":"https:\/\/www.facebook.com\/DomArtStyl\/","article_modified_time":"2022-05-04T15:37:29+00:00","og_image":[{"width":1000,"height":1000,"url":"https:\/\/domartstyl.com\/wp-content\/uploads\/2019\/01\/Pufa-Anabel-french-velvet-663-2-Copy.jpg","type":"image\/jpeg"}],"twitter_card":"summary_large_image","twitter_site":"@DomArtStyl_pl","twitter_misc":{"Price":"","Availability":"In stock"},"schema":{"@context":"https:\/\/schema.org","@graph":[{"@type":"WebPage","@id":"https:\/\/domartstyl.com\/en\/anabel-pouf\/","url":"https:\/\/domartstyl.com\/en\/anabel-pouf\/","name":"Anabel Pouf , Manufacturer of Upholstered Furniture - DomArtStyl","isPartOf":{"@id":"https:\/\/domartstyl.com\/en\/#website"},"primaryImageOfPage":{"@id":"https:\/\/domartstyl.com\/en\/anabel-pouf\/#primaryimage"},"image":{"@id":"https:\/\/domartstyl.com\/en\/anabel-pouf\/#primaryimage"},"thumbnailUrl":"https:\/\/domartstyl.com\/wp-content\/uploads\/2019\/01\/Pufa-Anabel-french-velvet-663-2-Copy.jpg","datePublished":"2019-01-11T08:31:01+00:00","dateModified":"2022-05-04T15:37:29+00:00","breadcrumb":{"@id":"https:\/\/domartstyl.com\/en\/anabel-pouf\/#breadcrumb"},"inLanguage":"en-US","potentialAction":[{"@type":"ReadAction","target":["https:\/\/domartstyl.com\/en\/anabel-pouf\/"]}]},{"@type":"ImageObject","inLanguage":"en-US","@id":"https:\/\/domartstyl.com\/en\/anabel-pouf\/#primaryimage","url":"https:\/\/domartstyl.com\/wp-content\/uploads\/2019\/01\/Pufa-Anabel-french-velvet-663-2-Copy.jpg","contentUrl":"https:\/\/domartstyl.com\/wp-content\/uploads\/2019\/01\/Pufa-Anabel-french-velvet-663-2-Copy.jpg","width":1000,"height":1000,"caption":"Pufa Anabel, french velvet 663"},{"@type":"BreadcrumbList","@id":"https:\/\/domartstyl.com\/en\/anabel-pouf\/#breadcrumb","itemListElement":[{"@type":"ListItem","position":1,"name":"Strona g\u0142\u00f3wna","item":"https:\/\/domartstyl.com\/en\/"},{"@type":"ListItem","position":2,"name":"Modern Upholstered Furniture","item":"https:\/\/domartstyl.com\/en\/furniture\/"},{"@type":"ListItem","position":3,"name":"Anabel Pouf"}]},{"@type":"WebSite","@id":"https:\/\/domartstyl.com\/en\/#website","url":"https:\/\/domartstyl.com\/en\/","name":"DomArtStyl","description":"Tworzymy meble najwy\u017cszej jako\u015bci. Sprzeda\u017c detaliczna \u00b7 Sprzeda\u017c hurtowa","publisher":{"@id":"https:\/\/domartstyl.com\/en\/#organization"},"potentialAction":[{"@type":"SearchAction","target":{"@type":"EntryPoint","urlTemplate":"https:\/\/domartstyl.com\/en\/?s={search_term_string}"},"query-input":{"@type":"PropertyValueSpecification","valueRequired":true,"valueName":"search_term_string"}}],"inLanguage":"en-US"},{"@type":"Organization","@id":"https:\/\/domartstyl.com\/en\/#organization","name":"DomArtStyl","url":"https:\/\/domartstyl.com\/en\/","logo":{"@type":"ImageObject","inLanguage":"en-US","@id":"https:\/\/domartstyl.com\/en\/#\/schema\/logo\/image\/","url":"https:\/\/domartstyl.com\/wp-content\/uploads\/2018\/04\/Logo_300_width.png","contentUrl":"https:\/\/domartstyl.com\/wp-content\/uploads\/2018\/04\/Logo_300_width.png","width":300,"height":140,"caption":"DomArtStyl"},"image":{"@id":"https:\/\/domartstyl.com\/en\/#\/schema\/logo\/image\/"},"sameAs":["https:\/\/www.facebook.com\/DomArtStyl\/","https:\/\/x.com\/DomArtStyl_pl","https:\/\/www.instagram.com\/domartstyl\/?hl=en","https:\/\/pl.pinterest.com\/domartstyl01\/","https:\/\/www.youtube.com\/channel\/UCkISSgvMomI6yFFL3JDbLhw"]}]},"product_price_amount":"0.00","product_price_currency":"EUR","og_availability":"instock","product_availability":"instock","product_condition":"new"},"_links":{"self":[{"href":"https:\/\/domartstyl.com\/en\/wp-json\/wp\/v2\/product\/46479","targetHints":{"allow":["GET"]}}],"collection":[{"href":"https:\/\/domartstyl.com\/en\/wp-json\/wp\/v2\/product"}],"about":[{"href":"https:\/\/domartstyl.com\/en\/wp-json\/wp\/v2\/types\/product"}],"replies":[{"embeddable":true,"href":"https:\/\/domartstyl.com\/en\/wp-json\/wp\/v2\/comments?post=46479"}],"wp:featuredmedia":[{"embeddable":true,"href":"https:\/\/domartstyl.com\/en\/wp-json\/wp\/v2\/media\/45191"}],"wp:attachment":[{"href":"https:\/\/domartstyl.com\/en\/wp-json\/wp\/v2\/media?parent=46479"}],"wp:term":[{"taxonomy":"product_brand","embeddable":true,"href":"https:\/\/domartstyl.com\/en\/wp-json\/wp\/v2\/product_brand?post=46479"},{"taxonomy":"product_cat","embeddable":true,"href":"https:\/\/domartstyl.com\/en\/wp-json\/wp\/v2\/product_cat?post=46479"},{"taxonomy":"product_tag","embeddable":true,"href":"https:\/\/domartstyl.com\/en\/wp-json\/wp\/v2\/product_tag?post=46479"}],"curies":[{"name":"wp","href":"https:\/\/api.w.org\/{rel}","templated":true}]}}

<!-- This site is optimized with the Yoast SEO Premium plugin v25.0 (Yoast SEO v25.0) - https://yoast.com/wordpress/plugins/seo/ -->
<title>Anabel Pouf , Manufacturer of Upholstered Furniture - DomArtStyl</title>
<meta name="robots" content="index, follow, max-snippet:-1, max-image-preview:large, max-video-preview:-1" />
<link rel="canonical" href="https://domartstyl.com/en/anabel-pouf/" />
<meta property="og:locale" content="en_US" />
<meta property="og:type" content="article" />
<meta property="og:title" content="Anabel Pouf - DomArtStyl" />
<meta property="og:description" content="Pouf Anabel - This is a model from the Perl Lusso collection, which premiered at the Cologne Imm Cologne Fair 2018. This model is a real masterpiece due to its original appearance and high functionality. It is a pouf with an opening lid and a small storage compartment, to which we can fit various small items. The round, simple design has been designed with practicality in mind. Ideally suited to the living room, hallway, and children&#039;s room. The model presented in the picture has a gold plinth.  - Standard version of the pouf has an opening lid.  - Plinth in golden color." />
<meta property="og:url" content="https://domartstyl.com/en/anabel-pouf/" />
<meta property="og:site_name" content="DomArtStyl" />
<meta property="article:publisher" content="https://www.facebook.com/DomArtStyl/" />
<meta property="article:modified_time" content="2022-05-04T15:37:29+00:00" />
<meta property="og:image" content="https://domartstyl.com/wp-content/uploads/2019/01/Pufa-Anabel-french-velvet-663-2-Copy.jpg" />
	<meta property="og:image:width" content="1000" />
	<meta property="og:image:height" content="1000" />
	<meta property="og:image:type" content="image/jpeg" />
<meta name="twitter:card" content="summary_large_image" />
<meta name="twitter:site" content="@DomArtStyl_pl" />
<meta name="twitter:label1" content="Price" />
	<meta name="twitter:data1" content="" />
	<meta name="twitter:label2" content="Availability" />
	<meta name="twitter:data2" content="In stock" />
<script type="application/ld+json" class="yoast-schema-graph">{"@context":"https://schema.org","@graph":[{"@type":"WebPage","@id":"https://domartstyl.com/en/anabel-pouf/","url":"https://domartstyl.com/en/anabel-pouf/","name":"Anabel Pouf , Manufacturer of Upholstered Furniture - DomArtStyl","isPartOf":{"@id":"https://domartstyl.com/en/#website"},"primaryImageOfPage":{"@id":"https://domartstyl.com/en/anabel-pouf/#primaryimage"},"image":{"@id":"https://domartstyl.com/en/anabel-pouf/#primaryimage"},"thumbnailUrl":"https://domartstyl.com/wp-content/uploads/2019/01/Pufa-Anabel-french-velvet-663-2-Copy.jpg","datePublished":"2019-01-11T08:31:01+00:00","dateModified":"2022-05-04T15:37:29+00:00","breadcrumb":{"@id":"https://domartstyl.com/en/anabel-pouf/#breadcrumb"},"inLanguage":"en-US","potentialAction":[{"@type":"ReadAction","target":["https://domartstyl.com/en/anabel-pouf/"]}]},{"@type":"ImageObject","inLanguage":"en-US","@id":"https://domartstyl.com/en/anabel-pouf/#primaryimage","url":"https://domartstyl.com/wp-content/uploads/2019/01/Pufa-Anabel-french-velvet-663-2-Copy.jpg","contentUrl":"https://domartstyl.com/wp-content/uploads/2019/01/Pufa-Anabel-french-velvet-663-2-Copy.jpg","width":1000,"height":1000,"caption":"Pufa Anabel, french velvet 663"},{"@type":"BreadcrumbList","@id":"https://domartstyl.com/en/anabel-pouf/#breadcrumb","itemListElement":[{"@type":"ListItem","position":1,"name":"Strona główna","item":"https://domartstyl.com/en/"},{"@type":"ListItem","position":2,"name":"Modern Upholstered Furniture","item":"https://domartstyl.com/en/furniture/"},{"@type":"ListItem","position":3,"name":"Anabel Pouf"}]},{"@type":"WebSite","@id":"https://domartstyl.com/en/#website","url":"https://domartstyl.com/en/","name":"DomArtStyl","description":"Tworzymy meble najwyższej jakości. Sprzedaż detaliczna · Sprzedaż hurtowa","publisher":{"@id":"https://domartstyl.com/en/#organization"},"potentialAction":[{"@type":"SearchAction","target":{"@type":"EntryPoint","urlTemplate":"https://domartstyl.com/en/?s={search_term_string}"},"query-input":{"@type":"PropertyValueSpecification","valueRequired":true,"valueName":"search_term_string"}}],"inLanguage":"en-US"},{"@type":"Organization","@id":"https://domartstyl.com/en/#organization","name":"DomArtStyl","url":"https://domartstyl.com/en/","logo":{"@type":"ImageObject","inLanguage":"en-US","@id":"https://domartstyl.com/en/#/schema/logo/image/","url":"https://domartstyl.com/wp-content/uploads/2018/04/Logo_300_width.png","contentUrl":"https://domartstyl.com/wp-content/uploads/2018/04/Logo_300_width.png","width":300,"height":140,"caption":"DomArtStyl"},"image":{"@id":"https://domartstyl.com/en/#/schema/logo/image/"},"sameAs":["https://www.facebook.com/DomArtStyl/","https://x.com/DomArtStyl_pl","https://www.instagram.com/domartstyl/?hl=en","https://pl.pinterest.com/domartstyl01/","https://www.youtube.com/channel/UCkISSgvMomI6yFFL3JDbLhw"]}]}</script>
<meta property="product:price:amount" content="0.00" />
<meta property="product:price:currency" content="EUR" />
<meta property="og:availability" content="instock" />
<meta property="product:availability" content="instock" />
<meta property="product:condition" content="new" />
<!-- / Yoast SEO Premium plugin. -->

Strona główna

Tworzymy meble najwyższej jakości. Sprzedaż detaliczna · Sprzedaż hurtowa
