{"id":46218,"date":"2019-01-12T08:41:24","date_gmt":"2019-01-12T07:41:24","guid":{"rendered":"https:\/\/domartstyl.com\/milan-pouf\/"},"modified":"2022-05-04T16:03:24","modified_gmt":"2022-05-04T15:03:24","slug":"milan-pouf","status":"publish","type":"product","link":"https:\/\/domartstyl.com\/en\/milan-pouf\/","title":{"rendered":"Milan Pouf"},"content":{"rendered":"","protected":false},"excerpt":{"rendered":"<p><strong>Pouf Milan &#8211;<\/strong> is a model from the Perl Lusso collection, which premiered at Cologne Cologne Immermarket 2018. Simplicity and elegance in itself &#8211; this is the Pouf Milan! Pouf rests on a metal frame, which is gloss in golden color &#8211; thanks to this the pouf is very elegant. The seat is classic, simple and delicate, because it is not too high. Delicate rounding on the seat is caused by the use of highly elastic foam. Pouf perfectly harmonizes with a pouf from the same collection called Bella. This model will work perfectly in the living room, hallway or child&#8217;s room. It is possible to order a quilted seat.<\/p>\n<p><strong>&#8211; Standard version of the pouf has a golden metal frame in gloss.<\/strong><\/p>\n<p><strong>POSSIBILITY TO ORDER A PUFF WITH A QUILTED SEAT.<\/p>\n<p>AVAILABLE WHILE STOCK LASTS!<br \/>\n<\/strong><\/p>\n","protected":false},"featured_media":81004,"comment_status":"closed","ping_status":"closed","template":"","meta":[],"product_brand":[],"product_cat":[8249],"product_tag":[],"class_list":{"0":"post-46218","1":"product","2":"type-product","3":"status-publish","4":"has-post-thumbnail","6":"product_cat-wholesale-furniture","7":"product_shipping_class-pakowane-podwojnie-30-40-en","9":"first","10":"instock","11":"taxable","12":"shipping-taxable","13":"product-type-soldout"},"yoast_head":"<!-- This site is optimized with the Yoast SEO Premium plugin v25.0 (Yoast SEO v25.0) - https:\/\/yoast.com\/wordpress\/plugins\/seo\/ -->\n<title>Milan Pouf , Manufacturer of Upholstered Furniture - DomArtStyl<\/title>\n<meta name=\"robots\" content=\"index, follow, max-snippet:-1, max-image-preview:large, max-video-preview:-1\" \/>\n<link rel=\"canonical\" href=\"https:\/\/domartstyl.com\/en\/milan-pouf\/\" \/>\n<meta property=\"og:locale\" content=\"en_US\" \/>\n<meta property=\"og:type\" content=\"article\" \/>\n<meta property=\"og:title\" content=\"Milan Pouf - DomArtStyl\" \/>\n<meta property=\"og:description\" content=\"Pouf Milan - is a model from the Perl Lusso collection, which premiered at Cologne Cologne Immermarket 2018. Simplicity and elegance in itself - this is the Pouf Milan! Pouf rests on a metal frame, which is gloss in golden color - thanks to this the pouf is very elegant. The seat is classic, simple and delicate, because it is not too high. Delicate rounding on the seat is caused by the use of highly elastic foam. Pouf perfectly harmonizes with a pouf from the same collection called Bella. This model will work perfectly in the living room, hallway or child&#039;s room. It is possible to order a quilted seat.  - Standard version of the pouf has a golden metal frame in gloss.  POSSIBILITY TO ORDER A PUFF WITH A QUILTED SEAT.  AVAILABLE WHILE STOCK LASTS!\" \/>\n<meta property=\"og:url\" content=\"https:\/\/domartstyl.com\/en\/milan-pouf\/\" \/>\n<meta property=\"og:site_name\" content=\"DomArtStyl\" \/>\n<meta property=\"article:publisher\" content=\"https:\/\/www.facebook.com\/DomArtStyl\/\" \/>\n<meta property=\"article:modified_time\" content=\"2022-05-04T15:03:24+00:00\" \/>\n<meta property=\"og:image\" content=\"https:\/\/domartstyl.com\/wp-content\/uploads\/2019\/01\/Pufa-czarna-nowoczesna-do-przedpokoju-na-zlotych-nogach-Milan.jpg\" \/>\n\t<meta property=\"og:image:width\" content=\"1200\" \/>\n\t<meta property=\"og:image:height\" content=\"1200\" \/>\n\t<meta property=\"og:image:type\" content=\"image\/jpeg\" \/>\n<meta name=\"twitter:card\" content=\"summary_large_image\" \/>\n<meta name=\"twitter:site\" content=\"@DomArtStyl_pl\" \/>\n<meta name=\"twitter:label1\" content=\"Price\" \/>\n\t<meta name=\"twitter:data1\" content=\"\" \/>\n\t<meta name=\"twitter:label2\" content=\"Availability\" \/>\n\t<meta name=\"twitter:data2\" content=\"In stock\" \/>\n<script type=\"application\/ld+json\" class=\"yoast-schema-graph\">{\"@context\":\"https:\/\/schema.org\",\"@graph\":[{\"@type\":\"WebPage\",\"@id\":\"https:\/\/domartstyl.com\/en\/milan-pouf\/\",\"url\":\"https:\/\/domartstyl.com\/en\/milan-pouf\/\",\"name\":\"Milan Pouf , Manufacturer of Upholstered Furniture - DomArtStyl\",\"isPartOf\":{\"@id\":\"https:\/\/domartstyl.com\/en\/#website\"},\"primaryImageOfPage\":{\"@id\":\"https:\/\/domartstyl.com\/en\/milan-pouf\/#primaryimage\"},\"image\":{\"@id\":\"https:\/\/domartstyl.com\/en\/milan-pouf\/#primaryimage\"},\"thumbnailUrl\":\"https:\/\/domartstyl.com\/wp-content\/uploads\/2019\/01\/Pufa-czarna-nowoczesna-do-przedpokoju-na-zlotych-nogach-Milan.jpg\",\"datePublished\":\"2019-01-12T07:41:24+00:00\",\"dateModified\":\"2022-05-04T15:03:24+00:00\",\"breadcrumb\":{\"@id\":\"https:\/\/domartstyl.com\/en\/milan-pouf\/#breadcrumb\"},\"inLanguage\":\"en-US\",\"potentialAction\":[{\"@type\":\"ReadAction\",\"target\":[\"https:\/\/domartstyl.com\/en\/milan-pouf\/\"]}]},{\"@type\":\"ImageObject\",\"inLanguage\":\"en-US\",\"@id\":\"https:\/\/domartstyl.com\/en\/milan-pouf\/#primaryimage\",\"url\":\"https:\/\/domartstyl.com\/wp-content\/uploads\/2019\/01\/Pufa-czarna-nowoczesna-do-przedpokoju-na-zlotych-nogach-Milan.jpg\",\"contentUrl\":\"https:\/\/domartstyl.com\/wp-content\/uploads\/2019\/01\/Pufa-czarna-nowoczesna-do-przedpokoju-na-zlotych-nogach-Milan.jpg\",\"width\":1200,\"height\":1200,\"caption\":\"Pufa czarna nowoczesna do przedpokoju na z\u0142otych nogach Milan\"},{\"@type\":\"BreadcrumbList\",\"@id\":\"https:\/\/domartstyl.com\/en\/milan-pouf\/#breadcrumb\",\"itemListElement\":[{\"@type\":\"ListItem\",\"position\":1,\"name\":\"Strona g\u0142\u00f3wna\",\"item\":\"https:\/\/domartstyl.com\/en\/\"},{\"@type\":\"ListItem\",\"position\":2,\"name\":\"Modern Upholstered Furniture\",\"item\":\"https:\/\/domartstyl.com\/en\/furniture\/\"},{\"@type\":\"ListItem\",\"position\":3,\"name\":\"Milan Pouf\"}]},{\"@type\":\"WebSite\",\"@id\":\"https:\/\/domartstyl.com\/en\/#website\",\"url\":\"https:\/\/domartstyl.com\/en\/\",\"name\":\"DomArtStyl\",\"description\":\"Tworzymy meble najwy\u017cszej jako\u015bci. Sprzeda\u017c detaliczna \u00b7 Sprzeda\u017c hurtowa\",\"publisher\":{\"@id\":\"https:\/\/domartstyl.com\/en\/#organization\"},\"potentialAction\":[{\"@type\":\"SearchAction\",\"target\":{\"@type\":\"EntryPoint\",\"urlTemplate\":\"https:\/\/domartstyl.com\/en\/?s={search_term_string}\"},\"query-input\":{\"@type\":\"PropertyValueSpecification\",\"valueRequired\":true,\"valueName\":\"search_term_string\"}}],\"inLanguage\":\"en-US\"},{\"@type\":\"Organization\",\"@id\":\"https:\/\/domartstyl.com\/en\/#organization\",\"name\":\"DomArtStyl\",\"url\":\"https:\/\/domartstyl.com\/en\/\",\"logo\":{\"@type\":\"ImageObject\",\"inLanguage\":\"en-US\",\"@id\":\"https:\/\/domartstyl.com\/en\/#\/schema\/logo\/image\/\",\"url\":\"https:\/\/domartstyl.com\/wp-content\/uploads\/2018\/04\/Logo_300_width.png\",\"contentUrl\":\"https:\/\/domartstyl.com\/wp-content\/uploads\/2018\/04\/Logo_300_width.png\",\"width\":300,\"height\":140,\"caption\":\"DomArtStyl\"},\"image\":{\"@id\":\"https:\/\/domartstyl.com\/en\/#\/schema\/logo\/image\/\"},\"sameAs\":[\"https:\/\/www.facebook.com\/DomArtStyl\/\",\"https:\/\/x.com\/DomArtStyl_pl\",\"https:\/\/www.instagram.com\/domartstyl\/?hl=en\",\"https:\/\/pl.pinterest.com\/domartstyl01\/\",\"https:\/\/www.youtube.com\/channel\/UCkISSgvMomI6yFFL3JDbLhw\"]}]}<\/script>\n<meta property=\"product:price:amount\" content=\"0.00\" \/>\n<meta property=\"product:price:currency\" content=\"EUR\" \/>\n<meta property=\"og:availability\" content=\"instock\" \/>\n<meta property=\"product:availability\" content=\"instock\" \/>\n<meta property=\"product:condition\" content=\"new\" \/>\n<!-- \/ Yoast SEO Premium plugin. -->","yoast_head_json":{"title":"Milan Pouf , Manufacturer of Upholstered Furniture - DomArtStyl","robots":{"index":"index","follow":"follow","max-snippet":"max-snippet:-1","max-image-preview":"max-image-preview:large","max-video-preview":"max-video-preview:-1"},"canonical":"https:\/\/domartstyl.com\/en\/milan-pouf\/","og_locale":"en_US","og_type":"article","og_title":"Milan Pouf - DomArtStyl","og_description":"Pouf Milan - is a model from the Perl Lusso collection, which premiered at Cologne Cologne Immermarket 2018. Simplicity and elegance in itself - this is the Pouf Milan! Pouf rests on a metal frame, which is gloss in golden color - thanks to this the pouf is very elegant. The seat is classic, simple and delicate, because it is not too high. Delicate rounding on the seat is caused by the use of highly elastic foam. Pouf perfectly harmonizes with a pouf from the same collection called Bella. This model will work perfectly in the living room, hallway or child's room. It is possible to order a quilted seat.  - Standard version of the pouf has a golden metal frame in gloss.  POSSIBILITY TO ORDER A PUFF WITH A QUILTED SEAT.  AVAILABLE WHILE STOCK LASTS!","og_url":"https:\/\/domartstyl.com\/en\/milan-pouf\/","og_site_name":"DomArtStyl","article_publisher":"https:\/\/www.facebook.com\/DomArtStyl\/","article_modified_time":"2022-05-04T15:03:24+00:00","og_image":[{"width":1200,"height":1200,"url":"https:\/\/domartstyl.com\/wp-content\/uploads\/2019\/01\/Pufa-czarna-nowoczesna-do-przedpokoju-na-zlotych-nogach-Milan.jpg","type":"image\/jpeg"}],"twitter_card":"summary_large_image","twitter_site":"@DomArtStyl_pl","twitter_misc":{"Price":"","Availability":"In stock"},"schema":{"@context":"https:\/\/schema.org","@graph":[{"@type":"WebPage","@id":"https:\/\/domartstyl.com\/en\/milan-pouf\/","url":"https:\/\/domartstyl.com\/en\/milan-pouf\/","name":"Milan Pouf , Manufacturer of Upholstered Furniture - DomArtStyl","isPartOf":{"@id":"https:\/\/domartstyl.com\/en\/#website"},"primaryImageOfPage":{"@id":"https:\/\/domartstyl.com\/en\/milan-pouf\/#primaryimage"},"image":{"@id":"https:\/\/domartstyl.com\/en\/milan-pouf\/#primaryimage"},"thumbnailUrl":"https:\/\/domartstyl.com\/wp-content\/uploads\/2019\/01\/Pufa-czarna-nowoczesna-do-przedpokoju-na-zlotych-nogach-Milan.jpg","datePublished":"2019-01-12T07:41:24+00:00","dateModified":"2022-05-04T15:03:24+00:00","breadcrumb":{"@id":"https:\/\/domartstyl.com\/en\/milan-pouf\/#breadcrumb"},"inLanguage":"en-US","potentialAction":[{"@type":"ReadAction","target":["https:\/\/domartstyl.com\/en\/milan-pouf\/"]}]},{"@type":"ImageObject","inLanguage":"en-US","@id":"https:\/\/domartstyl.com\/en\/milan-pouf\/#primaryimage","url":"https:\/\/domartstyl.com\/wp-content\/uploads\/2019\/01\/Pufa-czarna-nowoczesna-do-przedpokoju-na-zlotych-nogach-Milan.jpg","contentUrl":"https:\/\/domartstyl.com\/wp-content\/uploads\/2019\/01\/Pufa-czarna-nowoczesna-do-przedpokoju-na-zlotych-nogach-Milan.jpg","width":1200,"height":1200,"caption":"Pufa czarna nowoczesna do przedpokoju na z\u0142otych nogach Milan"},{"@type":"BreadcrumbList","@id":"https:\/\/domartstyl.com\/en\/milan-pouf\/#breadcrumb","itemListElement":[{"@type":"ListItem","position":1,"name":"Strona g\u0142\u00f3wna","item":"https:\/\/domartstyl.com\/en\/"},{"@type":"ListItem","position":2,"name":"Modern Upholstered Furniture","item":"https:\/\/domartstyl.com\/en\/furniture\/"},{"@type":"ListItem","position":3,"name":"Milan Pouf"}]},{"@type":"WebSite","@id":"https:\/\/domartstyl.com\/en\/#website","url":"https:\/\/domartstyl.com\/en\/","name":"DomArtStyl","description":"Tworzymy meble najwy\u017cszej jako\u015bci. Sprzeda\u017c detaliczna \u00b7 Sprzeda\u017c hurtowa","publisher":{"@id":"https:\/\/domartstyl.com\/en\/#organization"},"potentialAction":[{"@type":"SearchAction","target":{"@type":"EntryPoint","urlTemplate":"https:\/\/domartstyl.com\/en\/?s={search_term_string}"},"query-input":{"@type":"PropertyValueSpecification","valueRequired":true,"valueName":"search_term_string"}}],"inLanguage":"en-US"},{"@type":"Organization","@id":"https:\/\/domartstyl.com\/en\/#organization","name":"DomArtStyl","url":"https:\/\/domartstyl.com\/en\/","logo":{"@type":"ImageObject","inLanguage":"en-US","@id":"https:\/\/domartstyl.com\/en\/#\/schema\/logo\/image\/","url":"https:\/\/domartstyl.com\/wp-content\/uploads\/2018\/04\/Logo_300_width.png","contentUrl":"https:\/\/domartstyl.com\/wp-content\/uploads\/2018\/04\/Logo_300_width.png","width":300,"height":140,"caption":"DomArtStyl"},"image":{"@id":"https:\/\/domartstyl.com\/en\/#\/schema\/logo\/image\/"},"sameAs":["https:\/\/www.facebook.com\/DomArtStyl\/","https:\/\/x.com\/DomArtStyl_pl","https:\/\/www.instagram.com\/domartstyl\/?hl=en","https:\/\/pl.pinterest.com\/domartstyl01\/","https:\/\/www.youtube.com\/channel\/UCkISSgvMomI6yFFL3JDbLhw"]}]},"product_price_amount":"0.00","product_price_currency":"EUR","og_availability":"instock","product_availability":"instock","product_condition":"new"},"_links":{"self":[{"href":"https:\/\/domartstyl.com\/en\/wp-json\/wp\/v2\/product\/46218","targetHints":{"allow":["GET"]}}],"collection":[{"href":"https:\/\/domartstyl.com\/en\/wp-json\/wp\/v2\/product"}],"about":[{"href":"https:\/\/domartstyl.com\/en\/wp-json\/wp\/v2\/types\/product"}],"replies":[{"embeddable":true,"href":"https:\/\/domartstyl.com\/en\/wp-json\/wp\/v2\/comments?post=46218"}],"wp:featuredmedia":[{"embeddable":true,"href":"https:\/\/domartstyl.com\/en\/wp-json\/wp\/v2\/media\/81004"}],"wp:attachment":[{"href":"https:\/\/domartstyl.com\/en\/wp-json\/wp\/v2\/media?parent=46218"}],"wp:term":[{"taxonomy":"product_brand","embeddable":true,"href":"https:\/\/domartstyl.com\/en\/wp-json\/wp\/v2\/product_brand?post=46218"},{"taxonomy":"product_cat","embeddable":true,"href":"https:\/\/domartstyl.com\/en\/wp-json\/wp\/v2\/product_cat?post=46218"},{"taxonomy":"product_tag","embeddable":true,"href":"https:\/\/domartstyl.com\/en\/wp-json\/wp\/v2\/product_tag?post=46218"}],"curies":[{"name":"wp","href":"https:\/\/api.w.org\/{rel}","templated":true}]}}

<!-- This site is optimized with the Yoast SEO Premium plugin v25.0 (Yoast SEO v25.0) - https://yoast.com/wordpress/plugins/seo/ -->
<title>Milan Pouf , Manufacturer of Upholstered Furniture - DomArtStyl</title>
<meta name="robots" content="index, follow, max-snippet:-1, max-image-preview:large, max-video-preview:-1" />
<link rel="canonical" href="https://domartstyl.com/en/milan-pouf/" />
<meta property="og:locale" content="en_US" />
<meta property="og:type" content="article" />
<meta property="og:title" content="Milan Pouf - DomArtStyl" />
<meta property="og:description" content="Pouf Milan - is a model from the Perl Lusso collection, which premiered at Cologne Cologne Immermarket 2018. Simplicity and elegance in itself - this is the Pouf Milan! Pouf rests on a metal frame, which is gloss in golden color - thanks to this the pouf is very elegant. The seat is classic, simple and delicate, because it is not too high. Delicate rounding on the seat is caused by the use of highly elastic foam. Pouf perfectly harmonizes with a pouf from the same collection called Bella. This model will work perfectly in the living room, hallway or child&#039;s room. It is possible to order a quilted seat.  - Standard version of the pouf has a golden metal frame in gloss.  POSSIBILITY TO ORDER A PUFF WITH A QUILTED SEAT.  AVAILABLE WHILE STOCK LASTS!" />
<meta property="og:url" content="https://domartstyl.com/en/milan-pouf/" />
<meta property="og:site_name" content="DomArtStyl" />
<meta property="article:publisher" content="https://www.facebook.com/DomArtStyl/" />
<meta property="article:modified_time" content="2022-05-04T15:03:24+00:00" />
<meta property="og:image" content="https://domartstyl.com/wp-content/uploads/2019/01/Pufa-czarna-nowoczesna-do-przedpokoju-na-zlotych-nogach-Milan.jpg" />
	<meta property="og:image:width" content="1200" />
	<meta property="og:image:height" content="1200" />
	<meta property="og:image:type" content="image/jpeg" />
<meta name="twitter:card" content="summary_large_image" />
<meta name="twitter:site" content="@DomArtStyl_pl" />
<meta name="twitter:label1" content="Price" />
	<meta name="twitter:data1" content="" />
	<meta name="twitter:label2" content="Availability" />
	<meta name="twitter:data2" content="In stock" />
<script type="application/ld+json" class="yoast-schema-graph">{"@context":"https://schema.org","@graph":[{"@type":"WebPage","@id":"https://domartstyl.com/en/milan-pouf/","url":"https://domartstyl.com/en/milan-pouf/","name":"Milan Pouf , Manufacturer of Upholstered Furniture - DomArtStyl","isPartOf":{"@id":"https://domartstyl.com/en/#website"},"primaryImageOfPage":{"@id":"https://domartstyl.com/en/milan-pouf/#primaryimage"},"image":{"@id":"https://domartstyl.com/en/milan-pouf/#primaryimage"},"thumbnailUrl":"https://domartstyl.com/wp-content/uploads/2019/01/Pufa-czarna-nowoczesna-do-przedpokoju-na-zlotych-nogach-Milan.jpg","datePublished":"2019-01-12T07:41:24+00:00","dateModified":"2022-05-04T15:03:24+00:00","breadcrumb":{"@id":"https://domartstyl.com/en/milan-pouf/#breadcrumb"},"inLanguage":"en-US","potentialAction":[{"@type":"ReadAction","target":["https://domartstyl.com/en/milan-pouf/"]}]},{"@type":"ImageObject","inLanguage":"en-US","@id":"https://domartstyl.com/en/milan-pouf/#primaryimage","url":"https://domartstyl.com/wp-content/uploads/2019/01/Pufa-czarna-nowoczesna-do-przedpokoju-na-zlotych-nogach-Milan.jpg","contentUrl":"https://domartstyl.com/wp-content/uploads/2019/01/Pufa-czarna-nowoczesna-do-przedpokoju-na-zlotych-nogach-Milan.jpg","width":1200,"height":1200,"caption":"Pufa czarna nowoczesna do przedpokoju na złotych nogach Milan"},{"@type":"BreadcrumbList","@id":"https://domartstyl.com/en/milan-pouf/#breadcrumb","itemListElement":[{"@type":"ListItem","position":1,"name":"Strona główna","item":"https://domartstyl.com/en/"},{"@type":"ListItem","position":2,"name":"Modern Upholstered Furniture","item":"https://domartstyl.com/en/furniture/"},{"@type":"ListItem","position":3,"name":"Milan Pouf"}]},{"@type":"WebSite","@id":"https://domartstyl.com/en/#website","url":"https://domartstyl.com/en/","name":"DomArtStyl","description":"Tworzymy meble najwyższej jakości. Sprzedaż detaliczna · Sprzedaż hurtowa","publisher":{"@id":"https://domartstyl.com/en/#organization"},"potentialAction":[{"@type":"SearchAction","target":{"@type":"EntryPoint","urlTemplate":"https://domartstyl.com/en/?s={search_term_string}"},"query-input":{"@type":"PropertyValueSpecification","valueRequired":true,"valueName":"search_term_string"}}],"inLanguage":"en-US"},{"@type":"Organization","@id":"https://domartstyl.com/en/#organization","name":"DomArtStyl","url":"https://domartstyl.com/en/","logo":{"@type":"ImageObject","inLanguage":"en-US","@id":"https://domartstyl.com/en/#/schema/logo/image/","url":"https://domartstyl.com/wp-content/uploads/2018/04/Logo_300_width.png","contentUrl":"https://domartstyl.com/wp-content/uploads/2018/04/Logo_300_width.png","width":300,"height":140,"caption":"DomArtStyl"},"image":{"@id":"https://domartstyl.com/en/#/schema/logo/image/"},"sameAs":["https://www.facebook.com/DomArtStyl/","https://x.com/DomArtStyl_pl","https://www.instagram.com/domartstyl/?hl=en","https://pl.pinterest.com/domartstyl01/","https://www.youtube.com/channel/UCkISSgvMomI6yFFL3JDbLhw"]}]}</script>
<meta property="product:price:amount" content="0.00" />
<meta property="product:price:currency" content="EUR" />
<meta property="og:availability" content="instock" />
<meta property="product:availability" content="instock" />
<meta property="product:condition" content="new" />
<!-- / Yoast SEO Premium plugin. -->

Pufa czarna nowoczesna do przedpokoju na złotych nogach Milan

Strona główna

Tworzymy meble najwyższej jakości. Sprzedaż detaliczna · Sprzedaż hurtowa
