{"id":46216,"date":"2019-01-14T13:44:42","date_gmt":"2019-01-14T12:44:42","guid":{"rendered":"https:\/\/domartstyl.com\/indigo-iii-sofa\/"},"modified":"2024-01-31T13:53:25","modified_gmt":"2024-01-31T12:53:25","slug":"indigo-iii-sofa","status":"publish","type":"product","link":"https:\/\/domartstyl.com\/en\/indigo-iii-sofa\/","title":{"rendered":"Indigo III Sofa"},"content":{"rendered":"","protected":false},"excerpt":{"rendered":"<p style=\"text-align: center;\">Sofa Indigo III<strong> &#8211;<\/strong> this is a model from the Perl Lusso collection, which premiered at the Cologne Imm Cologne 2018 fair. It has a unique form that makes it impossible to pass by it indifferently. The sofa has a carefully contoured backrest. On the inside of the backrest and on the inside of the armrests there are vertical stitching that give this model an unprecedented and original look. The back of the backrest is smooth. The sofa is placed on metal legs in gold. The sofa seat is filled with corrugated springs, making it very soft and comfortable. This model will be the perfect solution for the living room, hotel, and waiting room.<\/p>\n<p>*A 2-seat version is also available for sale.<br \/>\n**The standard version has vertical stitching and metal legs in golden color.<br \/>\n*** This piece of furniture requires the legs to be installed individually.<\/p>\n<p><strong>If interested, please contact the Customer Service Office<\/strong><br \/>\n<strong>biuro@domartstyl.pl<\/strong><br \/>\n<strong>+48 882 659 700<\/strong><br \/>\n<strong>+48 600 766 340<\/strong><\/p>\n","protected":false},"featured_media":58729,"comment_status":"closed","ping_status":"closed","template":"","meta":[],"product_brand":[],"product_cat":[8249],"product_tag":[],"class_list":{"0":"post-46216","1":"product","2":"type-product","3":"status-publish","4":"has-post-thumbnail","6":"product_cat-wholesale-furniture","7":"product_shipping_class-individual-pricing","9":"first","10":"instock","11":"taxable","12":"shipping-taxable","13":"product-type-soldout"},"yoast_head":"<!-- This site is optimized with the Yoast SEO Premium plugin v25.0 (Yoast SEO v25.0) - https:\/\/yoast.com\/wordpress\/plugins\/seo\/ -->\n<title>Indigo III Sofa , Manufacturer of Upholstered Furniture - DomArtStyl<\/title>\n<meta name=\"robots\" content=\"index, follow, max-snippet:-1, max-image-preview:large, max-video-preview:-1\" \/>\n<link rel=\"canonical\" href=\"https:\/\/domartstyl.com\/en\/indigo-iii-sofa\/\" \/>\n<meta property=\"og:locale\" content=\"en_US\" \/>\n<meta property=\"og:type\" content=\"article\" \/>\n<meta property=\"og:title\" content=\"Indigo III Sofa - DomArtStyl\" \/>\n<meta property=\"og:description\" content=\"Sofa Indigo III - this is a model from the Perl Lusso collection, which premiered at the Cologne Imm Cologne 2018 fair. It has a unique form that makes it impossible to pass by it indifferently. The sofa has a carefully contoured backrest. On the inside of the backrest and on the inside of the armrests there are vertical stitching that give this model an unprecedented and original look. The back of the backrest is smooth. The sofa is placed on metal legs in gold. The sofa seat is filled with corrugated springs, making it very soft and comfortable. This model will be the perfect solution for the living room, hotel, and waiting room. *A 2-seat version is also available for sale. **The standard version has vertical stitching and metal legs in golden color. *** This piece of furniture requires the legs to be installed individually.  If interested, please contact the Customer Service Office biuro@domartstyl.pl +48 882 659 700 +48 600 766 340\" \/>\n<meta property=\"og:url\" content=\"https:\/\/domartstyl.com\/en\/indigo-iii-sofa\/\" \/>\n<meta property=\"og:site_name\" content=\"DomArtStyl\" \/>\n<meta property=\"article:publisher\" content=\"https:\/\/www.facebook.com\/DomArtStyl\/\" \/>\n<meta property=\"article:modified_time\" content=\"2024-01-31T12:53:25+00:00\" \/>\n<meta property=\"og:image\" content=\"https:\/\/domartstyl.com\/wp-content\/uploads\/2019\/01\/Sofa-Indigo-magic-velvet-2225-Copy.jpg\" \/>\n\t<meta property=\"og:image:width\" content=\"1000\" \/>\n\t<meta property=\"og:image:height\" content=\"1000\" \/>\n\t<meta property=\"og:image:type\" content=\"image\/jpeg\" \/>\n<meta name=\"twitter:card\" content=\"summary_large_image\" \/>\n<meta name=\"twitter:site\" content=\"@DomArtStyl_pl\" \/>\n<meta name=\"twitter:label1\" content=\"Price\" \/>\n\t<meta name=\"twitter:data1\" content=\"\" \/>\n\t<meta name=\"twitter:label2\" content=\"Availability\" \/>\n\t<meta name=\"twitter:data2\" content=\"In stock\" \/>\n<script type=\"application\/ld+json\" class=\"yoast-schema-graph\">{\"@context\":\"https:\/\/schema.org\",\"@graph\":[{\"@type\":\"WebPage\",\"@id\":\"https:\/\/domartstyl.com\/en\/indigo-iii-sofa\/\",\"url\":\"https:\/\/domartstyl.com\/en\/indigo-iii-sofa\/\",\"name\":\"Indigo III Sofa , Manufacturer of Upholstered Furniture - DomArtStyl\",\"isPartOf\":{\"@id\":\"https:\/\/domartstyl.com\/en\/#website\"},\"primaryImageOfPage\":{\"@id\":\"https:\/\/domartstyl.com\/en\/indigo-iii-sofa\/#primaryimage\"},\"image\":{\"@id\":\"https:\/\/domartstyl.com\/en\/indigo-iii-sofa\/#primaryimage\"},\"thumbnailUrl\":\"https:\/\/domartstyl.com\/wp-content\/uploads\/2019\/01\/Sofa-Indigo-magic-velvet-2225-Copy.jpg\",\"datePublished\":\"2019-01-14T12:44:42+00:00\",\"dateModified\":\"2024-01-31T12:53:25+00:00\",\"breadcrumb\":{\"@id\":\"https:\/\/domartstyl.com\/en\/indigo-iii-sofa\/#breadcrumb\"},\"inLanguage\":\"en-US\",\"potentialAction\":[{\"@type\":\"ReadAction\",\"target\":[\"https:\/\/domartstyl.com\/en\/indigo-iii-sofa\/\"]}]},{\"@type\":\"ImageObject\",\"inLanguage\":\"en-US\",\"@id\":\"https:\/\/domartstyl.com\/en\/indigo-iii-sofa\/#primaryimage\",\"url\":\"https:\/\/domartstyl.com\/wp-content\/uploads\/2019\/01\/Sofa-Indigo-magic-velvet-2225-Copy.jpg\",\"contentUrl\":\"https:\/\/domartstyl.com\/wp-content\/uploads\/2019\/01\/Sofa-Indigo-magic-velvet-2225-Copy.jpg\",\"width\":1000,\"height\":1000},{\"@type\":\"BreadcrumbList\",\"@id\":\"https:\/\/domartstyl.com\/en\/indigo-iii-sofa\/#breadcrumb\",\"itemListElement\":[{\"@type\":\"ListItem\",\"position\":1,\"name\":\"Strona g\u0142\u00f3wna\",\"item\":\"https:\/\/domartstyl.com\/en\/\"},{\"@type\":\"ListItem\",\"position\":2,\"name\":\"Modern Upholstered Furniture\",\"item\":\"https:\/\/domartstyl.com\/en\/furniture\/\"},{\"@type\":\"ListItem\",\"position\":3,\"name\":\"Indigo III Sofa\"}]},{\"@type\":\"WebSite\",\"@id\":\"https:\/\/domartstyl.com\/en\/#website\",\"url\":\"https:\/\/domartstyl.com\/en\/\",\"name\":\"DomArtStyl\",\"description\":\"Tworzymy meble najwy\u017cszej jako\u015bci. Sprzeda\u017c detaliczna \u00b7 Sprzeda\u017c hurtowa\",\"publisher\":{\"@id\":\"https:\/\/domartstyl.com\/en\/#organization\"},\"potentialAction\":[{\"@type\":\"SearchAction\",\"target\":{\"@type\":\"EntryPoint\",\"urlTemplate\":\"https:\/\/domartstyl.com\/en\/?s={search_term_string}\"},\"query-input\":{\"@type\":\"PropertyValueSpecification\",\"valueRequired\":true,\"valueName\":\"search_term_string\"}}],\"inLanguage\":\"en-US\"},{\"@type\":\"Organization\",\"@id\":\"https:\/\/domartstyl.com\/en\/#organization\",\"name\":\"DomArtStyl\",\"url\":\"https:\/\/domartstyl.com\/en\/\",\"logo\":{\"@type\":\"ImageObject\",\"inLanguage\":\"en-US\",\"@id\":\"https:\/\/domartstyl.com\/en\/#\/schema\/logo\/image\/\",\"url\":\"https:\/\/domartstyl.com\/wp-content\/uploads\/2018\/04\/Logo_300_width.png\",\"contentUrl\":\"https:\/\/domartstyl.com\/wp-content\/uploads\/2018\/04\/Logo_300_width.png\",\"width\":300,\"height\":140,\"caption\":\"DomArtStyl\"},\"image\":{\"@id\":\"https:\/\/domartstyl.com\/en\/#\/schema\/logo\/image\/\"},\"sameAs\":[\"https:\/\/www.facebook.com\/DomArtStyl\/\",\"https:\/\/x.com\/DomArtStyl_pl\",\"https:\/\/www.instagram.com\/domartstyl\/?hl=en\",\"https:\/\/pl.pinterest.com\/domartstyl01\/\",\"https:\/\/www.youtube.com\/channel\/UCkISSgvMomI6yFFL3JDbLhw\"]}]}<\/script>\n<meta property=\"product:price:amount\" content=\"0.00\" \/>\n<meta property=\"product:price:currency\" content=\"EUR\" \/>\n<meta property=\"og:availability\" content=\"instock\" \/>\n<meta property=\"product:availability\" content=\"instock\" \/>\n<meta property=\"product:condition\" content=\"new\" \/>\n<!-- \/ Yoast SEO Premium plugin. -->","yoast_head_json":{"title":"Indigo III Sofa , Manufacturer of Upholstered Furniture - DomArtStyl","robots":{"index":"index","follow":"follow","max-snippet":"max-snippet:-1","max-image-preview":"max-image-preview:large","max-video-preview":"max-video-preview:-1"},"canonical":"https:\/\/domartstyl.com\/en\/indigo-iii-sofa\/","og_locale":"en_US","og_type":"article","og_title":"Indigo III Sofa - DomArtStyl","og_description":"Sofa Indigo III - this is a model from the Perl Lusso collection, which premiered at the Cologne Imm Cologne 2018 fair. It has a unique form that makes it impossible to pass by it indifferently. The sofa has a carefully contoured backrest. On the inside of the backrest and on the inside of the armrests there are vertical stitching that give this model an unprecedented and original look. The back of the backrest is smooth. The sofa is placed on metal legs in gold. The sofa seat is filled with corrugated springs, making it very soft and comfortable. This model will be the perfect solution for the living room, hotel, and waiting room. *A 2-seat version is also available for sale. **The standard version has vertical stitching and metal legs in golden color. *** This piece of furniture requires the legs to be installed individually.  If interested, please contact the Customer Service Office biuro@domartstyl.pl +48 882 659 700 +48 600 766 340","og_url":"https:\/\/domartstyl.com\/en\/indigo-iii-sofa\/","og_site_name":"DomArtStyl","article_publisher":"https:\/\/www.facebook.com\/DomArtStyl\/","article_modified_time":"2024-01-31T12:53:25+00:00","og_image":[{"width":1000,"height":1000,"url":"https:\/\/domartstyl.com\/wp-content\/uploads\/2019\/01\/Sofa-Indigo-magic-velvet-2225-Copy.jpg","type":"image\/jpeg"}],"twitter_card":"summary_large_image","twitter_site":"@DomArtStyl_pl","twitter_misc":{"Price":"","Availability":"In stock"},"schema":{"@context":"https:\/\/schema.org","@graph":[{"@type":"WebPage","@id":"https:\/\/domartstyl.com\/en\/indigo-iii-sofa\/","url":"https:\/\/domartstyl.com\/en\/indigo-iii-sofa\/","name":"Indigo III Sofa , Manufacturer of Upholstered Furniture - DomArtStyl","isPartOf":{"@id":"https:\/\/domartstyl.com\/en\/#website"},"primaryImageOfPage":{"@id":"https:\/\/domartstyl.com\/en\/indigo-iii-sofa\/#primaryimage"},"image":{"@id":"https:\/\/domartstyl.com\/en\/indigo-iii-sofa\/#primaryimage"},"thumbnailUrl":"https:\/\/domartstyl.com\/wp-content\/uploads\/2019\/01\/Sofa-Indigo-magic-velvet-2225-Copy.jpg","datePublished":"2019-01-14T12:44:42+00:00","dateModified":"2024-01-31T12:53:25+00:00","breadcrumb":{"@id":"https:\/\/domartstyl.com\/en\/indigo-iii-sofa\/#breadcrumb"},"inLanguage":"en-US","potentialAction":[{"@type":"ReadAction","target":["https:\/\/domartstyl.com\/en\/indigo-iii-sofa\/"]}]},{"@type":"ImageObject","inLanguage":"en-US","@id":"https:\/\/domartstyl.com\/en\/indigo-iii-sofa\/#primaryimage","url":"https:\/\/domartstyl.com\/wp-content\/uploads\/2019\/01\/Sofa-Indigo-magic-velvet-2225-Copy.jpg","contentUrl":"https:\/\/domartstyl.com\/wp-content\/uploads\/2019\/01\/Sofa-Indigo-magic-velvet-2225-Copy.jpg","width":1000,"height":1000},{"@type":"BreadcrumbList","@id":"https:\/\/domartstyl.com\/en\/indigo-iii-sofa\/#breadcrumb","itemListElement":[{"@type":"ListItem","position":1,"name":"Strona g\u0142\u00f3wna","item":"https:\/\/domartstyl.com\/en\/"},{"@type":"ListItem","position":2,"name":"Modern Upholstered Furniture","item":"https:\/\/domartstyl.com\/en\/furniture\/"},{"@type":"ListItem","position":3,"name":"Indigo III Sofa"}]},{"@type":"WebSite","@id":"https:\/\/domartstyl.com\/en\/#website","url":"https:\/\/domartstyl.com\/en\/","name":"DomArtStyl","description":"Tworzymy meble najwy\u017cszej jako\u015bci. Sprzeda\u017c detaliczna \u00b7 Sprzeda\u017c hurtowa","publisher":{"@id":"https:\/\/domartstyl.com\/en\/#organization"},"potentialAction":[{"@type":"SearchAction","target":{"@type":"EntryPoint","urlTemplate":"https:\/\/domartstyl.com\/en\/?s={search_term_string}"},"query-input":{"@type":"PropertyValueSpecification","valueRequired":true,"valueName":"search_term_string"}}],"inLanguage":"en-US"},{"@type":"Organization","@id":"https:\/\/domartstyl.com\/en\/#organization","name":"DomArtStyl","url":"https:\/\/domartstyl.com\/en\/","logo":{"@type":"ImageObject","inLanguage":"en-US","@id":"https:\/\/domartstyl.com\/en\/#\/schema\/logo\/image\/","url":"https:\/\/domartstyl.com\/wp-content\/uploads\/2018\/04\/Logo_300_width.png","contentUrl":"https:\/\/domartstyl.com\/wp-content\/uploads\/2018\/04\/Logo_300_width.png","width":300,"height":140,"caption":"DomArtStyl"},"image":{"@id":"https:\/\/domartstyl.com\/en\/#\/schema\/logo\/image\/"},"sameAs":["https:\/\/www.facebook.com\/DomArtStyl\/","https:\/\/x.com\/DomArtStyl_pl","https:\/\/www.instagram.com\/domartstyl\/?hl=en","https:\/\/pl.pinterest.com\/domartstyl01\/","https:\/\/www.youtube.com\/channel\/UCkISSgvMomI6yFFL3JDbLhw"]}]},"product_price_amount":"0.00","product_price_currency":"EUR","og_availability":"instock","product_availability":"instock","product_condition":"new"},"_links":{"self":[{"href":"https:\/\/domartstyl.com\/en\/wp-json\/wp\/v2\/product\/46216","targetHints":{"allow":["GET"]}}],"collection":[{"href":"https:\/\/domartstyl.com\/en\/wp-json\/wp\/v2\/product"}],"about":[{"href":"https:\/\/domartstyl.com\/en\/wp-json\/wp\/v2\/types\/product"}],"replies":[{"embeddable":true,"href":"https:\/\/domartstyl.com\/en\/wp-json\/wp\/v2\/comments?post=46216"}],"wp:featuredmedia":[{"embeddable":true,"href":"https:\/\/domartstyl.com\/en\/wp-json\/wp\/v2\/media\/58729"}],"wp:attachment":[{"href":"https:\/\/domartstyl.com\/en\/wp-json\/wp\/v2\/media?parent=46216"}],"wp:term":[{"taxonomy":"product_brand","embeddable":true,"href":"https:\/\/domartstyl.com\/en\/wp-json\/wp\/v2\/product_brand?post=46216"},{"taxonomy":"product_cat","embeddable":true,"href":"https:\/\/domartstyl.com\/en\/wp-json\/wp\/v2\/product_cat?post=46216"},{"taxonomy":"product_tag","embeddable":true,"href":"https:\/\/domartstyl.com\/en\/wp-json\/wp\/v2\/product_tag?post=46216"}],"curies":[{"name":"wp","href":"https:\/\/api.w.org\/{rel}","templated":true}]}}

<!-- This site is optimized with the Yoast SEO Premium plugin v25.0 (Yoast SEO v25.0) - https://yoast.com/wordpress/plugins/seo/ -->
<title>Indigo III Sofa , Manufacturer of Upholstered Furniture - DomArtStyl</title>
<meta name="robots" content="index, follow, max-snippet:-1, max-image-preview:large, max-video-preview:-1" />
<link rel="canonical" href="https://domartstyl.com/en/indigo-iii-sofa/" />
<meta property="og:locale" content="en_US" />
<meta property="og:type" content="article" />
<meta property="og:title" content="Indigo III Sofa - DomArtStyl" />
<meta property="og:description" content="Sofa Indigo III - this is a model from the Perl Lusso collection, which premiered at the Cologne Imm Cologne 2018 fair. It has a unique form that makes it impossible to pass by it indifferently. The sofa has a carefully contoured backrest. On the inside of the backrest and on the inside of the armrests there are vertical stitching that give this model an unprecedented and original look. The back of the backrest is smooth. The sofa is placed on metal legs in gold. The sofa seat is filled with corrugated springs, making it very soft and comfortable. This model will be the perfect solution for the living room, hotel, and waiting room. *A 2-seat version is also available for sale. **The standard version has vertical stitching and metal legs in golden color. *** This piece of furniture requires the legs to be installed individually.  If interested, please contact the Customer Service Office biuro@domartstyl.pl +48 882 659 700 +48 600 766 340" />
<meta property="og:url" content="https://domartstyl.com/en/indigo-iii-sofa/" />
<meta property="og:site_name" content="DomArtStyl" />
<meta property="article:publisher" content="https://www.facebook.com/DomArtStyl/" />
<meta property="article:modified_time" content="2024-01-31T12:53:25+00:00" />
<meta property="og:image" content="https://domartstyl.com/wp-content/uploads/2019/01/Sofa-Indigo-magic-velvet-2225-Copy.jpg" />
	<meta property="og:image:width" content="1000" />
	<meta property="og:image:height" content="1000" />
	<meta property="og:image:type" content="image/jpeg" />
<meta name="twitter:card" content="summary_large_image" />
<meta name="twitter:site" content="@DomArtStyl_pl" />
<meta name="twitter:label1" content="Price" />
	<meta name="twitter:data1" content="" />
	<meta name="twitter:label2" content="Availability" />
	<meta name="twitter:data2" content="In stock" />
<script type="application/ld+json" class="yoast-schema-graph">{"@context":"https://schema.org","@graph":[{"@type":"WebPage","@id":"https://domartstyl.com/en/indigo-iii-sofa/","url":"https://domartstyl.com/en/indigo-iii-sofa/","name":"Indigo III Sofa , Manufacturer of Upholstered Furniture - DomArtStyl","isPartOf":{"@id":"https://domartstyl.com/en/#website"},"primaryImageOfPage":{"@id":"https://domartstyl.com/en/indigo-iii-sofa/#primaryimage"},"image":{"@id":"https://domartstyl.com/en/indigo-iii-sofa/#primaryimage"},"thumbnailUrl":"https://domartstyl.com/wp-content/uploads/2019/01/Sofa-Indigo-magic-velvet-2225-Copy.jpg","datePublished":"2019-01-14T12:44:42+00:00","dateModified":"2024-01-31T12:53:25+00:00","breadcrumb":{"@id":"https://domartstyl.com/en/indigo-iii-sofa/#breadcrumb"},"inLanguage":"en-US","potentialAction":[{"@type":"ReadAction","target":["https://domartstyl.com/en/indigo-iii-sofa/"]}]},{"@type":"ImageObject","inLanguage":"en-US","@id":"https://domartstyl.com/en/indigo-iii-sofa/#primaryimage","url":"https://domartstyl.com/wp-content/uploads/2019/01/Sofa-Indigo-magic-velvet-2225-Copy.jpg","contentUrl":"https://domartstyl.com/wp-content/uploads/2019/01/Sofa-Indigo-magic-velvet-2225-Copy.jpg","width":1000,"height":1000},{"@type":"BreadcrumbList","@id":"https://domartstyl.com/en/indigo-iii-sofa/#breadcrumb","itemListElement":[{"@type":"ListItem","position":1,"name":"Strona główna","item":"https://domartstyl.com/en/"},{"@type":"ListItem","position":2,"name":"Modern Upholstered Furniture","item":"https://domartstyl.com/en/furniture/"},{"@type":"ListItem","position":3,"name":"Indigo III Sofa"}]},{"@type":"WebSite","@id":"https://domartstyl.com/en/#website","url":"https://domartstyl.com/en/","name":"DomArtStyl","description":"Tworzymy meble najwyższej jakości. Sprzedaż detaliczna · Sprzedaż hurtowa","publisher":{"@id":"https://domartstyl.com/en/#organization"},"potentialAction":[{"@type":"SearchAction","target":{"@type":"EntryPoint","urlTemplate":"https://domartstyl.com/en/?s={search_term_string}"},"query-input":{"@type":"PropertyValueSpecification","valueRequired":true,"valueName":"search_term_string"}}],"inLanguage":"en-US"},{"@type":"Organization","@id":"https://domartstyl.com/en/#organization","name":"DomArtStyl","url":"https://domartstyl.com/en/","logo":{"@type":"ImageObject","inLanguage":"en-US","@id":"https://domartstyl.com/en/#/schema/logo/image/","url":"https://domartstyl.com/wp-content/uploads/2018/04/Logo_300_width.png","contentUrl":"https://domartstyl.com/wp-content/uploads/2018/04/Logo_300_width.png","width":300,"height":140,"caption":"DomArtStyl"},"image":{"@id":"https://domartstyl.com/en/#/schema/logo/image/"},"sameAs":["https://www.facebook.com/DomArtStyl/","https://x.com/DomArtStyl_pl","https://www.instagram.com/domartstyl/?hl=en","https://pl.pinterest.com/domartstyl01/","https://www.youtube.com/channel/UCkISSgvMomI6yFFL3JDbLhw"]}]}</script>
<meta property="product:price:amount" content="0.00" />
<meta property="product:price:currency" content="EUR" />
<meta property="og:availability" content="instock" />
<meta property="product:availability" content="instock" />
<meta property="product:condition" content="new" />
<!-- / Yoast SEO Premium plugin. -->

Strona główna

Tworzymy meble najwyższej jakości. Sprzedaż detaliczna · Sprzedaż hurtowa
